)?
8
Suppose u - 116 = -5*l, 5*u + 176 = 4*l + 60. What is the units digit of l?
4
Suppose c - 4 = 19. What is the units digit of c?
3
Let b = 5 + 101. What is the units digit of b?
6
Let b be ((-3)/(-3))/((-2)/(-8)). Suppose 2*y + 50 = b*y. Suppose -y = -2*p + n + 2, 5*p = 5*n + 75. What is the units digit of p?
2
Let r = 0 - 1. Let k be (r/3)/((-5)/885). Suppose 2*b + 44 = 3*v - 0*b, 4*v = 3*b + k. What is the tens digit of v?
1
Let i = 35 + -77. What is the units digit of i/(-2) + 8/(-4)?
9
Let c(p) = -p**3 + 10*p**2 - 3*p + 4. Let d be c(10). Let k = -11 - d. What is the units digit of k?
5
Suppose -4*d + 9*d - 15 = 0. Suppose -2*x - 5*s + 0 = -d, -15 = -4*x - s. Suppose 4*j + 28 = r, x = -2*j - 0. What is the units digit of r?
0
What is the tens digit of ((-5)/15 - 3/(-9)) + 159?
5
Suppose 4*f - 28 - 7 = -5*i, -5*f = -5*i - 10. Let n(g) = 2*g**3 - 4*g**2 + 2*g + 3. Let w be n(i). Suppose 2*s + s = w. What is the units digit of s?
9
What is the hundreds digit of (29 - (0 + -3))*7?
2
Let s be (7 + -10)*246/(-9). Let f = s - 29. What is the tens digit of f?
5
Suppose 3*c = -c + 4. Let j(w) be the second derivative of w**5/4 - w**3/6 + w**2/2 - 2*w. What is the units digit of j(c)?
5
What is the hundreds digit of ((-15366)/16)/(-3) - 13/104?
3
Let i be -2 + (-2 - 2) + 2. Let b(z) = z**3 + 4*z**2 + 11*z - 1. Let a(t) = -t**3 - 3*t**2 - 12*t. Let n(l) = i*a(l) - 5*b(l). What is the units digit of n(-7)?
5
Suppose 5*r + y - 1716 = 0, -3*r + y + 68 = -960. What is the tens digit of r?
4
Let w(k) = k - 7. Let i be w(9). What is the units digit of (i/(-4))/((-1)/46)?
3
Let q(c) = 13*c - 13. What is the hundreds digit of q(10)?
1
Let y(b) = -6*b + 6. Let u(c) = -c + 1. Let t(z) = -4*u(z) + y(z). Let r be t(5). Let q(w) = -w**3 - 8*w**2 - 3*w - 3. What is the units digit of q(r)?
1
Let w(u) = u - 4. Let a be (-16)/(-6)*(-24)/(-16). Let t be w(a). Suppose b - 2*c = -t*c, c - 12 = -b. What is the units digit of b?
8
Suppose k = -4*k + 5. Let s be (-1 - k)*(-9)/2. Let u = -3 + s. What is the units digit of u?
6
Let q be (-460)/12*6/2. Let d = -57 - q. What is the tens digit of d?
5
Let f(b) = b**2 - 5*b - 17. Let t be f(9). Suppose -36 - t = -5*x. What is the tens digit of x?
1
Let c(h) = -h**2 - 10*h + 4. Let k be c(-8). Suppose 76 = 3*n + b, -2*n - 4*b + k = -34. What is the tens digit of n?
2
Let n(k) = -k**3 - k**2 - 1. Let b(d) = -6*d**2 + 8*d + 3. Let g(h) = b(h) + n(h). What is the units digit of g(-8)?
2
Let o = -46 - -151. What is the tens digit of o?
0
Let w(g) = 8*g**2 + 3*g - 2. What is the units digit of w(1)?
9
What is the tens digit of 88 - -2 - (-10)/5?
9
Let k = -3 - -4. Let a = -3 - k. Let r = a + 10. What is the units digit of r?
6
Suppose -5*j + 198 = 4*c, -5*c + 16 - 82 = -2*j. What is the units digit of j?
8
Let d = -12 + 16. Let y(u) = u**2 - 4. Let b be y(3). Let k = b - d. What is the units digit of k?
1
Let p(t) = -2*t**3 - 3*t**2 + 3*t - 5. What is the units digit of p(-5)?
5
Let y = 28 - 18. Let q = y - 4. What is the units digit of q?
6
Let w = -68 - -108. Suppose -w = -0*d - 4*d. What is the tens digit of d?
1
Suppose 19 = 2*h + 3*r, 1 = 2*h - r - 14. Suppose 4*p + d + 1 = 26, -4*p = 5*d - 45. Let z = h - p. What is the units digit of z?
3
Let m = 130 - -130. What is the tens digit of m?
6
Suppose 12 = -z + 3*z. What is the units digit of z?
6
Suppose -m - 3*k = 7, 2*k + 0 = -2*m - 2. Let h(b) = b**3 - 4*b**2 - b + 1. Let u be h(m). Let j = u + 22. What is the tens digit of j?
1
Let r(c) = c**2 - 8*c + 4. Let a be r(7). Let h be 44 - a/6*2. What is the units digit of (-1)/(0 - 3/h)?
5
Let g = -18 + 37. What is the units digit of g?
9
Let z(w) = w**2 - w - 5. Let l(a) = a**2 - 5. Let c(n) = 4*l(n) - 5*z(n). Let j be c(5). Suppose t - m - 2 = 1, j*m - 20 = 0. What is the units digit of t?
7
Let b be (-6)/27 - 106/9. What is the units digit of b*(-5)/(45/6)?
8
Let i be 1083/9 + (-2)/6. What is the units digit of i/9*6/5?
6
What is the units digit of 3*5/6*46?
5
Suppose -3*o + 4*o - 44 = 0. Suppose -5*u + o + 16 = 0. What is the tens digit of u?
1
Let w(n) = n**2 + 6*n - 6. Let u = 8 + -5. Let l = u - 10. What is the units digit of w(l)?
1
What is the units digit of 597/12 - (-3)/(-4)?
9
Suppose -76 - 47 = -2*n + 5*q, -2*n + 4*q + 120 = 0. What is the units digit of n?
4
What is the tens digit of 178/9 - (-16)/72?
2
Let i(u) = -u**3 - 8*u**2 - 8*u - 4. Let q be -3 + 6*6/(-9). Let a be i(q). Suppose 34 = 2*r + 2*m, 1 = r - 0*m - a*m. What is the tens digit of r?
1
Suppose i - 9 = 4*c, i - 3*c = 3*i + 26. Let l = 0 - i. What is the units digit of l?
7
Let a be (2 + 1)/(5/(-10)). What is the tens digit of 112/3 + (-4)/a?
3
Suppose 24 - 55 = -f. What is the units digit of f?
1
Let u(x) = -x**3 - 9*x - 7*x**2 + 3 - 2 + x. Let d(z) = z**2 + 9*z + 12. Let s be d(-6). What is the tens digit of u(s)?
1
Let m be 3/(3/(-5)*-1). Suppose 0 = 4*g + m*t - 117, 2*t + 6 = -0*t. What is the tens digit of g?
3
Let n be (-368)/(-6) - (-12)/18. Let x = -37 + n. What is the units digit of x?
5
What is the tens digit of ((-60)/(-16))/(6/40)?
2
Let r = -3 + 11. Suppose 3*z - r = 1. Suppose 0 = -2*f + 5*o - 16, 3*f + 4*o - 10 = z*o. What is the units digit of f?
2
Let o = -12 + 18. Let q = o - -9. What is the tens digit of q?
1
Let b be -1 + 2 - (1 - 2). Suppose -10 - b = 2*t. Let v(m) = -3*m - 6. What is the tens digit of v(t)?
1
Let b be (-1*3)/(-4 + 3). Suppose 0*k - 3*k = -b. What is the units digit of k?
1
Let o = 0 - 0. Let n = -8 - -11. Let w = n + o. What is the units digit of w?
3
Let o(l) = -l**3 + 7*l**2 - 6*l. Let c be o(6). Suppose c = 3*r - 4*r + 28. What is the tens digit of r?
2
Let m be 7/4 - 1/(-4). Suppose 0 = -2*d + 3*g + 15, 5*d + m*g - 22 = d. Suppose 3*q - d = -3. What is the units digit of q?
1
Let l(g) = -2*g**3 - 2*g**2 - 4*g + 1. Let d be l(-3). Suppose 2*w + 5*n - d = 22, 4*n = 5*w - 260. What is the tens digit of w?
4
What is the units digit of 3*(-3)/(-36)*4?
1
Let n be 18/(-4)*8/(-12). Suppose 0 = -n*d + 4 + 2. Suppose -46 + d = -4*s. What is the tens digit of s?
1
Suppose -d = 2*n - 8, -2*n = -3*d + n + 6. Suppose -d*h - 5 = -2*z + 37, -h + 9 = z. What is the units digit of z?
3
Suppose v = 56 - 134. What is the units digit of 6/8 + v/(-24)?
4
Let o = 65 - -19. What is the tens digit of o?
8
Let t = -11 - -42. Suppose 13 = -5*f - v - t, v - 28 = 4*f. Let o = f + 11. What is the units digit of o?
3
Let d(q) be the first derivative of -q**3/3 + 3*q**2 + 4*q + 2. Let k be 19/4 - 1/(-4). What is the units digit of d(k)?
9
What is the units digit of 2/(-4) + 21/14?
1
Let r(q) = 2*q**2 - 2*q - q + 9*q + 1 - q**2. What is the units digit of r(-6)?
1
Let a(d) = -d**3 - 5*d**2 + 6*d + 2. Let w be a(-6). Suppose 1 - 9 = -w*o. Let t = 7 - o. What is the units digit of t?
3
What is the units digit of 4/8*-6*-2?
6
Let x(v) be the third derivative of -v**7/5040 - v**5/30 + v**2. Let b(p) be the third derivative of x(p). What is the units digit of b(-3)?
3
Suppose -8*p + 607 = -73. What is the units digit of p?
5
Suppose -w = w - 52. Let z(d) = -2*d**2 + 3*d + 3. Let y be z(-2). Let a = y + w. What is the tens digit of a?
1
Suppose 3*d = d - 3*z + 10, -3*d + 2 = -2*z. Suppose -61 = -d*b - h, h - 120 = -4*b - 3*h. What is the tens digit of b?
3
What is the tens digit of (1096/(-20))/((-5)/25)?
7
Let s(m) = -m**2 + 7*m - 4. Let v = 7 + -1. What is the units digit of s(v)?
2
Let j(l) = -l**2 + 6*l - 2. Let k(m) be the second derivative of m**5/20 + m**4/12 + m**3/6 + 5*m**2/2 + 2*m. Let h be k(0). What is the units digit of j(h)?
3
Suppose -10*j + 280 = -3*j. What is the units digit of j?
0
Let f(n) = n - 5. Let h be f(4). Let z be 0*(1/h - 0). Suppose p + 2*w = 22 - 9, z = -4*p + w + 25. What is the units digit of p?
7
Suppose -11*w + 238 = -4*w. What is the units digit of w?
4
Suppose 2*o + 3*o - 116 = -4*a, 2*o + 4*a - 56 = 0. Suppose -3*k + o = -13. What is the units digit of k?
1
Let s = 279 - 159. Suppose -3*p + s = 2*p. What is the units digit of p?
4
Suppose -18*t + 1029 = -11*t. What is the hundreds digit of t?
1
Suppose 0 = -d + 15 - 11. Suppose d*k - 160 = 5*j, 9*j = -k + 4*j + 40. What is the units digit of k?
0
Let a be ((-18)/(-4))/((-2)/(-4)). Suppose -2*c + 55 = a. What is the units digit of c?
3
Let p be ((-10)/(-4))